{"id":233,"date":"2024-11-21T11:47:57","date_gmt":"2024-11-21T11:47:57","guid":{"rendered":"https:\/\/clubetirovilareal.pt\/index.php\/membership-login\/"},"modified":"2024-11-21T23:24:28","modified_gmt":"2024-11-21T23:24:28","slug":"membership-login","status":"publish","type":"page","link":"https:\/\/clubetirovilareal.pt\/index.php\/membership-login\/","title":{"rendered":"Login de S\u00f3cios"},"content":{"rendered":"<p>[swpm_login_form]<\/p>\n<p style=\"font-weight: bold;\"><strong>As contas de acesso dos s\u00f3cios s\u00e3o criadas pela dire\u00e7\u00e3o do CTVR &#8211; Clube de Tiro de Vila Real<\/strong><\/p>\n\n\n<div class=\"wp-block-buttons is-layout-flex wp-block-buttons-is-layout-flex\"><\/div>\n\n\n\n<p><\/p>\n","protected":false},"excerpt":{"rendered":"<p>[swpm_login_form] As contas de acesso dos s\u00f3cios s\u00e3o criadas pela dire\u00e7\u00e3o do CTVR &#8211; Clube de Tiro de Vila Real<\/p>\n","protected":false},"author":1,"featured_media":0,"parent":0,"menu_order":0,"comment_status":"closed","ping_status":"closed","template":"","meta":{"footnotes":""},"class_list":["post-233","page","type-page","status-publish","hentry"],"_links":{"self":[{"href":"https:\/\/clubetirovilareal.pt\/index.php\/wp-json\/wp\/v2\/pages\/233","targetHints":{"allow":["GET"]}}],"collection":[{"href":"https:\/\/clubetirovilareal.pt\/index.php\/wp-json\/wp\/v2\/pages"}],"about":[{"href":"https:\/\/clubetirovilareal.pt\/index.php\/wp-json\/wp\/v2\/types\/page"}],"author":[{"embeddable":true,"href":"https:\/\/clubetirovilareal.pt\/index.php\/wp-json\/wp\/v2\/users\/1"}],"replies":[{"embeddable":true,"href":"https:\/\/clubetirovilareal.pt\/index.php\/wp-json\/wp\/v2\/comments?post=233"}],"version-history":[{"count":4,"href":"https:\/\/clubetirovilareal.pt\/index.php\/wp-json\/wp\/v2\/pages\/233\/revisions"}],"predecessor-version":[{"id":250,"href":"https:\/\/clubetirovilareal.pt\/index.php\/wp-json\/wp\/v2\/pages\/233\/revisions\/250"}],"wp:attachment":[{"href":"https:\/\/clubetirovilareal.pt\/index.php\/wp-json\/wp\/v2\/media?parent=233"}],"curies":[{"name":"wp","href":"https:\/\/api.w.org\/{rel}","templated":true}]}}